k**3 - 7*k + 4*k**3 - 4*k**3 + 3*k**3. Calculate t(-6).
-3
Let x(t) be the second derivative of -t**5/20 + t**4/6 + t**3/2 + t**2/2 - 31*t. Determine x(3).
1
Let j(n) = -n**2 - 6*n - 5. Let y(d) = -6*d**3 + d. Let o be y(1). What is j(o)?
0
Let w(t) = -t**3 - 6*t**2 - 5*t + 3. Let g = 0 + 0. Suppose -4*k - 3 = -o + 17, g = 4*k - 3*o + 20. What is w(k)?
3
Let v(y) be the third derivative of -y**5/10 - y**4/8 - y**3/2 - 19*y**2. Calculate v(-2).
-21
Let h = 15 + -13. Suppose -h*w + 5*w = 9, -5*f = 5*w - 40. Let c(o) = o**2 - 6*o + 6. Determine c(f).
1
Let w(a) = -a**3 + a**2 + 4*a + 3. Let i = 39 + -24. Suppose 3*f + 2*h = -f - 18, -5*f + 5*h = -i. What is w(f)?
7
Let m(x) = -x**2 + 2. Let i be -1 + 51/3 + 2. Suppose -2*v - i = -4*a, 1 - 10 = -a + 5*v. Suppose -a*h + 4*o = 0, -5 + 14 = h + 2*o. What is m(h)?
-7
Let z(k) = k**2 + 2*k + 3. Let f = 5 - 4. Suppose 5 + f = -3*a. Give z(a).
3
Suppose -4*d = -5*g + 87, -145 = -0*d + 5*d + g. Let w be (-7)/d - (-17)/(-4). Let c(o) = -o**2 - 2*o + 5. Determine c(w).
-3
Let d be (-92)/(-3) - 4/6. Suppose 0*o + 2*o = -d. Let s = o + 10. Let a(f) = f**2 + 5*f - 5. Give a(s).
-5
Let r(g) be the third derivative of g**4/24 + g**3 + 3*g**2. Give r(-8).
-2
Let v(w) = -5*w**2 - 1 + 0*w - 17*w**3 + 16*w**3 + 7 + 6*w. Give v(-6).
6
Let l(m) = -8*m**2 + 13*m - 1. Let r(q) = 4*q**2 - 7*q. Let g(n) = 3*l(n) + 5*r(n). Calculate g(2).
-11
Suppose -t + 4 = 2*f, 6 = -2*t - 0*t + 3*f. Let n = 1 + t. Let i(c) be the first derivative of -c**4/4 - c**2/2 - 2. Calculate i(n).
-2
Suppose -5*s + 60 = 5*d, -s + 4 = -3*d - 0*d. Let p(m) = -m**2 - 8*m + 2. Let y be p(-6). Let x = y - s. Let k(j) = j - 7. Calculate k(x).
-3
Let r(q) = q**2 - 10*q + 3. Let w(t) = -t + 1. Let f(z) = -r(z) + 4*w(z). Suppose -3*n = -1 - 14. Calculate f(n).
6
Let g(b) = -1 - 3 + 6 - 376*b + 377*b. What is g(0)?
2
Let s(c) = -6*c**2 + 0*c - 4*c + 3*c - c**3. Give s(-6).
6
Let j(i) be the first derivative of -i**4/4 - 13*i**3/3 + 13*i**2/2 - 16*i + 1. Let g be j(-14). Let y(b) = -b**2 - 3*b - 2. Determine y(g).
0
Let b(p) = 14*p**3 + 14*p**2 + 20. Let d(t) = 5*t**3 + 5*t**2 + 7. Let a(g) = -6*b(g) + 17*d(g). What is a(0)?
-1
Let d(v) = v - 1. Let a be d(-2). Let x(r) = 3*r + 2. Let o(z) = z. Let y(q) = -2*o(q) + x(q). Determine y(a).
-1
Let i(k) = -3*k + 7. Let b(w) = -w + 3. Let c(u) = -11*b(u) + 4*i(u). Determine c(8).
-13
Let m(i) = -22*i**3 - 2*i**2 + i. Let l be 3/4 - (-31)/124. Give m(l).
-23
Let s(x) = -x**3 + 5*x**2 - 2*x - 3. Let m(z) = -z**3 + 3*z**2 + 6*z - 4. Let l be m(4). Calculate s(l).
5
Let u(i) = 0*i**2 + 2 + 0*i**2 - 5*i - i**2. Let y = 5 + -9. Give u(y).
6
Let s(l) = l + 5. Let c(o) be the second derivative of -o**4/12 - 7*o**3/6 - o**2/2 - 3*o. Let h be c(-6). What is s(h)?
10
Let c = -8 + 35. Suppose 2*b = -5*g - c, -g - b = -1 + 7. Let l(v) = -7*v**2 - 5*v - 10. Let u(x) = 11*x**2 + 7*x + 15. Let h(q) = -8*l(q) - 5*u(q). Give h(g).
5
Let y(x) = 0 - 5 + x + 0. Suppose -11 = -5*t + 9. Suppose -17 - 3 = -t*i. Determine y(i).
0
Let a(n) = n**3 - 4*n**2 - 6*n - 1. Let c(m) = m - 1. Let k(x) = -x + 1. Let q(u) = 3*c(u) + 4*k(u). Let s(z) = -a(z) - q(z). Give s(5).
10
Let t(n) = -n**2 - 5*n + 3. Let d(h) = -h**2 + 3. Let s be d(-3). Let a be t(s). Let q(f) = f. Let x(m) = -2*m + 2. Let g(y) = -3*q(y) - x(y). Determine g(a).
1
Let x(m) = -m. Let r(q) = -1. Let d(b) = -5*b + 10. Let y(n) = d(n) + 15*r(n). Let c(p) = -4*x(p) + y(p). What is c(5)?
-10
Let t(u) = -3*u + 2*u + u**2 - 4 + 3*u. Let c(f) = 2*f + 16. Let r be c(-10). Give t(r).
4
Let q(p) = -3*p**2 - 29 - 2*p - 3*p**2 + 28. Give q(-1).
-5
Let a(b) = 3*b + 3. Let v = -10 - -13. Suppose 0 = -i - t - 5, -v*i = -4*t - 7 + 1. What is a(i)?
-3
Let t(x) be the first derivative of -1/2*x**2 + 1 + x. Determine t(-1).
2
Let n be (-6)/(-1) + -2 - 7. Suppose l + 9*m = 4*m - 2, -3*m + 9 = 4*l. Let o(j) = -2*j - 2 - 3*j + l*j. Calculate o(n).
4
Let l(t) = -t**2 + 7*t - 3. Suppose -2*u = 2*u - 8. Let s(q) = -q**2 + 8*q - 3. Let m(b) = u*s(b) - 3*l(b). What is m(2)?
-3
Let f(i) = -i. Let n(x) = -5*x + 1. Let v(h) = -4*f(h) + 2*n(h). Calculate v(-2).
14
Let d(n) = 1 - 2 - 4 - n + 2. Give d(4).
-7
Let f(c) = c - 1. Let m be f(2). Suppose 3*o + m = 7. Let r(b) = -3*b + 4 + 6*b**2 - 5*b**o - 4*b. Determine r(5).
-6
Suppose -4*f = -3*q + 164, q + 3*f - 56 = 5*f. Let k be 4/(-14) + q/(-14). Let l(v) = 2*v - 2. Determine l(k).
-10
Let d(s) = 5*s**3 - 2*s**2 + s. Let j(x) = -x**3 + 2*x**2 + 9*x - 3. Let r be j(4). Determine d(r).
4
Let o(v) = 1 + 2*v**2 - 2*v**2 + v**2 + 5*v. Suppose -2*j + 20 = -5*s, s = 6*s + 2*j. Let m be 2/(-4) - (-9)/s. Determine o(m).
1
Let q(i) = -i - 9. Let f(d) = d + 10. Let t(h) = 4*f(h) + 5*q(h). Let n = 216 + -222. What is t(n)?
1
Suppose 0 = 3*c + 5*r + 14, 3*c - 24 = c + 5*r. Let i(v) = -7*v**2 + 2*v + 4 + 0 + 1 + 6*v**c. Give i(4).
-3
Let o(m) = -m**3 + 3*m**2 - 2*m + 1. Suppose -2 = -2*w + 30. Let r = w - 11. Let x(p) = 2*p**3 - 5*p**2 + 3*p - 1. Let h(n) = r*o(n) + 2*x(n). What is h(4)?
3
Let o(i) = 5*i**2 + i - 1. Suppose -6*p + 1 = -5. Give o(p).
5
Let t be 0/(2/1) + -2. Let w(x) be the first derivative of 3*x + 4/3*x**3 + 2*x**2 + 1/4*x**4 + 3. Give w(t).
3
Let j(k) = -3 + 4 - 2*k**2 - 8*k**3 - 9*k**3 + 11*k**3. Let n be 2/7 - (-4)/(-14). Suppose -2*i - 5*u + 26 = -i, n = -3*u + 15. What is j(i)?
-7
Let g(w) be the second derivative of -w**5/20 - w**4/4 + w**3 + 2*w**2 + 4*w. Let t(c) = -2*c - 6. Let n be t(-4). Suppose -7*j = -n*j + 20. Calculate g(j).
-4
Let v(x) = -6*x**2 - 4*x**2 - x**3 + 12 - 8*x + 0*x**2 + x. Calculate v(-9).
-6
Let q(h) = h**3 + 2*h**2 - 2*h + 3. Suppose 0 = 4*l - 4*x - 32, 5*l = 4*x - x + 30. Suppose -2*c + 5*c - 2*u = -15, 5*c + l = -4*u. Determine q(c).
0
Let y(p) be the second derivative of p**5/60 - p**4/12 + p**3/6 + 3*p**2/2 + 3*p. Let m(u) be the first derivative of y(u). What is m(1)?
0
Let v = -9 - -39. Suppose 0*d - v = -2*d. Let u = d + -10. Let s(a) = -a**2 + 6*a - 6. Calculate s(u).
-1
Suppose -18 = -5*v - 3. Let w(g) = 3*g**2 - 3 - v*g**2 - g**2 + 5*g. Determine w(4).
1
Let u(x) = -x**2 - x - 3. Let k(r) = -r + 5. Let n be k(5). Calculate u(n).
-3
Let x(p) be the first derivative of p**2/2 + 3*p + 1. Let w(u) = -u**3 - 9*u**2 - 7*u + 8. Let r be w(-8). Suppose 0*f - f = r. Give x(f).
3
Let y(w) = -w - 1. Let j be y(2). Let a = j - -9. Let n(h) be the second derivative of -h**4/12 + h**3 + 31*h. What is n(a)?
0
Let k(d) = 0*d + 2 - d + 1 - 4. Calculate k(4).
-5
Suppose 4*q = q + 6. Let v(w) = -w + 1 - 5*w**2 + 2*w**q - 2. Calculate v(-2).
-11
Let q(a) = -3*a**2 - 2*a**2 + 4*a**2 + 13 - 5*a - 5. Determine q(-6).
2
Let n be 0 + 2 + (-3)/1. Let m(k) be the second derivative of -k**5/10 + k**4/12 - k**2/2 - 4*k. Let w be m(n). Let j(f) = -f**2. Calculate j(w).
-4
Let u be 26/7 - (-2)/7. Suppose -2*j - 3*p - 2 = -5*p, u*p - 4 = -j. Suppose j = 5*w - 7*w + 2. Let v(r) = r**3 - r**2 - 2*r + 1. What is v(w)?
-1
Let j(i) = 3*i + 1. Let u(m) = -3*m - 1. Let c(g) = -4*j(g) - 5*u(g). Let v be 1 + (-2 - -2) + 2. Determine c(v).
10
Let u(f) = -f**3 + 7*f**2 - 5*f - 2. Let z be u(6). Suppose 3 = -z*s + 19. Let h(c) = -c**3 + 3*c**2 + 2*c + 5. Give h(s).
-3
Let l = 11 + -6. Let x(i) be the first derivative of i**5/60 - i**4/6 - i**3 - i**2/2 - 1. Let m(c) be the second derivative of x(c). What is m(l)?
-1
Let n(k) be the second derivative of -k**4/12 - k**3/6 + 2*k**2 + 13*k + 2. Calculate n(3).
-8
Let l(g) = 1 + 4*g - 4 - 5*g + 1. Let v be (-16)/(-12)*9/(-2). Let i be (-2)/(-4) - (-21)/v. Give l(i).
1
Let x(h) = h**2 - 6*h - 5. Let k = 76 - 69. Determine x(k).
2
Let t(g) = -g**3 + 3*g**2 + 4*g - 5. Let x(m) = -m**3 + 2*m**2 + 3*m - 4. Let v(q) = -3*t(q) + 4*x(q). Suppose -3*i + 8 = -1. Let z = 1 - i. Determine v(z).
3
Suppose -4*y - 3 = a + 12, 4*a + 4*y + 12 = 0. Suppose 0 = -0*o - o + 2. Let j = a + o. Let i(u) = -u - 3. Determine i(j).
-6
Let j(x) = 7*x - x + 3*x**2 + x**3 + 1 - 3*x. Determine j(-2).
-1
Let y(r) = r**2 - 4*r - 1. Suppose 0 = 5*n - 5*o - 20, -3*n + 10 = -o - 4*o. Determine y(n).
4
Let j = -26 - -19. Let k(w) = 2*w + 4. Determine k(j).
-10
Let u be (-14)/(-4) + 2/4. Let h(r) be the third derivative of -r**5/120 + r**4/24 - r**3 + 3*r**2. Let g(l) be the first derivative of h(l). Calculate g(u).
-3
Let t(z) = z - 8. Let c be 